{"id":286,"date":"2018-02-13T13:17:01","date_gmt":"2018-02-13T11:17:01","guid":{"rendered":"http:\/\/www.plib-ev.de\/?page_id=286"},"modified":"2026-03-28T00:55:15","modified_gmt":"2026-03-27T22:55:15","slug":"mediationsseminar-einfuehrungskurs","status":"publish","type":"page","link":"https:\/\/www.plib-ev.de\/?page_id=286","title":{"rendered":"M1: Mediation &amp; Konstruktive Konfliktbearbeitung"},"content":{"rendered":"\n<h2 class=\"wp-block-heading\">Einf\u00fchrungskurs<\/h2>\n\n\n\n<h3 class=\"wp-block-heading\"><strong>vom 15. bis 23. August 2026 im Seebad Lubmin<\/strong><\/h3>\n\n\n\n<h3 class=\"wp-block-heading\">eine Deutsch-Franz\u00f6sische Fortbildung in Zusammenarbeit mit REGC (Frankreich), gef\u00f6rdert durch das DFJW<\/h3>\n\n\n\n<p><\/p>\n\n\n\n<p><strong>ZIELGRUPPE<\/strong><br>Dieses Fortbildungsseminar richtet sich an Personen, die sich f\u00fcr konstruktive Konfliktbearbeitung interessieren und das Mediationsverfahren im transkulturellen Rahmen und im Austausch mit franz\u00f6sischen Kolleg*innen praktisch erlernen m\u00f6chten.<\/p>\n\n\n\n<p><strong>ZIELE<\/strong><br>\u2022 Die Rollen\u00fcbernahme einer dritten, neutralen Partei (Allparteilichkeit) zu erlernen<br>\u2022 Eine innere Haltung zu entwickeln, die es erlaubt, Konflikte auf konstruktive Weise auszutragen, so dass beide Konfliktparteien als Gewinner hervorgehen k\u00f6nnen<br>\u2022 Eigene Anteile in Konflikten zu erkennen<br>\u2022 Kommunikative Kompetenzen zur Deeskalation von Konflikten in interkulturellen Situationen zu<br>erwerben<br>\u2022 Sich f\u00fcr die interkulturelle Dimension von Konflikten zu sensibilisieren<\/p>\n\n\n\n<p><strong>METHODEN<\/strong><br>\u2022 Lebendige Vermittlung der Theorie der Mediation, wie sie in Deutschland, Frankreich und anderen L\u00e4ndern entwickelt worden ist<br>\u2022 Verst\u00e4ndnis der Eskalationsmechanismen<br>\u2022 Vorbereitende Kommunikations\u00fcbungen<br>\u2022 Rollenspiele und Feedbacks<br>\u2022 Auswertung und Analyse beobachteter und erlebter Situationen<\/p>\n\n\n\n<p><strong>FORTBILDUNGSRAHMEN<\/strong><br>Die Ausbildung beginnt am Samstag, den 15.8.2026 um 18 Uhr und endet am Samstag, den 23.8.2026 um 9 Uhr.<br>Der Ausbildungsort ist eine Jugendbegegnungs- und Bildungsst\u00e4tte.<br>Der Kurs selbst ist eine interkulturelle Begegnung, da die Ausbildner*innen sowie die Teilnehmer*innen je zur H\u00e4lfte aus Deutschland und Frankreich kommen. Die Anzahl der Pl\u00e4tze ist auf 16 Personen begrenzt.<br>Dieses Seminar versteht sich als Einf\u00fchrung in die Mediation nach den Standards des Mediationsgesetzes und ist Teil der Zertifizierung Mediator REGC. Der Termin des Aufbaukurses wird noch bekannt gegeben.<\/p>\n\n\n\n<p><strong>LEITUNGSTEAM<\/strong><br>Das Leitungsteam besteht aus in Deutschland und Frankreich<br>ausgebildeten Expert*innen der Mediation und P\u00e4dagogik:<\/p>\n\n\n\n<ul>\n<li>Catherine Dumas, Mediatorin<\/li>\n\n\n\n<li>Maike Rolf, Mediatorin<\/li>\n\n\n\n<li>Anne-Emmanuelle Fournier, Dolmetscherin, \u00dcbersetzerin<\/li>\n<\/ul>\n\n\n\n<p><strong>TEILNAHMEVORAUSSETZUNGEN<\/strong><br>\u2022 Bereitschaft zur aktiven Teilnahme an Rollenspielen<br>\u2022 Lust darauf, sich im deutsch-franz\u00f6sischen Kontext fortzubilden<br>\u2022 Franz\u00f6sischkenntnisse erw\u00fcnscht, jedoch nicht Voraussetzung (es wird gedolmetscht) <br>\u2022 Vorkenntnisse \u00fcber das Mediationsverfahren sind nicht erforderlich<br>\u2022 Vollj\u00e4hrigkeit (keine Altersbegrenzung)<br><\/p>\n\n\n\n<p><strong>TEILNAHMEGEB\u00dcHREN<\/strong><br>Der Kurs wird vom Deutsch-Franz\u00f6sischen Jugendwerk<br>(DFJW) finanziell unterst\u00fctzt. Die Teilnahmegeb\u00fchren betragen:<br>\u27a2 340- \u20ac, wenn Sie Student*in, in der Ausbildung oder arbeitslos sind;<br>\u27a2 470- \u20ac, wenn Sie berufst\u00e4tig sind;<br>\u27a2 750-\u20ac bei Kosten\u00fcbernahme durch den Arbeitgeber:<br>Seminar anerkannt nach dem Berliner Bildungsurlaubsgesetz und \u201edatadock\u201c.<br>Die Unterkunft in Vollpension und die Programmkosten sind im Preis inbegriffen. Die Fahrtkosten werden nach den Richtlinien des DFJW erstattet.<\/p>\n\n\n\n<p><strong>FRAGEN UND ANMELDUNGEN<\/strong><br>BDL e.V : https:\/\/www.landjugend.de\/<br>Mail: s.cunin@landjugend.de<br>Sophie Cunin: +49 30 235 993 550 (Deutsch\/Franz\u00f6sisch) <\/p>\n\n\n\n<p><a href=\"http:\/\/www.plib-ev.de\/pdf\/FR-M1.pdf\">Anmeldebogen<\/a> franz\u00f6sisch<\/p>\n\n\n\n<p><a href=\"http:\/\/www.plib-ev.de\/pdf\/DE-M1.pdf\">Anmeldebogen<\/a> deutsch<\/p>\n\n\n\n<p><a href=\"http:\/\/www.plib-ev.de\/pdf\/Flyer_M1_DE.pdf\">Flyer<\/a> &#8211; deutsch<\/p>\n\n\n\n<p><\/p>\n\n\n\n<p><\/p>\n\n\n\n<p><\/p>\n\n\n\n<p><\/p>\n\n\n\n<p><\/p>\n\n\n\n<p><\/p>\n\n\n\n<p><\/p>\n\n\n\n<p><\/p>\n\n\n\n<p><\/p>\n","protected":false},"excerpt":{"rendered":"<p>Einf\u00fchrungskurs vom 15. bis 23. August 2026 im Seebad Lubmin eine Deutsch-Franz\u00f6sische Fortbildung in Zusammenarbeit mit REGC (Frankreich), gef\u00f6rdert durch das DFJW ZIELGRUPPEDieses Fortbildungsseminar richtet sich an Personen, die sich f\u00fcr konstruktive Konfliktbearbeitung interessieren und das Mediationsverfahren im transkulturellen Rahmen und im Austausch mit franz\u00f6sischen Kolleg*innen praktisch erlernen m\u00f6chten. ZIELE\u2022 Die Rollen\u00fcbernahme einer dritten, neutralen &hellip; <a href=\"https:\/\/www.plib-ev.de\/?page_id=286\" class=\"more-link\"><span class=\"screen-reader-text\">M1: Mediation &amp; Konstruktive Konfliktbearbeitung<\/span> weiterlesen <span class=\"meta-nav\">&rarr;<\/span><\/a><\/p>\n","protected":false},"author":1,"featured_media":0,"parent":29,"menu_order":0,"comment_status":"closed","ping_status":"closed","template":"","meta":{"footnotes":""},"_links":{"self":[{"href":"https:\/\/www.plib-ev.de\/index.php?rest_route=\/wp\/v2\/pages\/286"}],"collection":[{"href":"https:\/\/www.plib-ev.de\/index.php?rest_route=\/wp\/v2\/pages"}],"about":[{"href":"https:\/\/www.plib-ev.de\/index.php?rest_route=\/wp\/v2\/types\/page"}],"author":[{"embeddable":true,"href":"https:\/\/www.plib-ev.de\/index.php?rest_route=\/wp\/v2\/users\/1"}],"replies":[{"embeddable":true,"href":"https:\/\/www.plib-ev.de\/index.php?rest_route=%2Fwp%2Fv2%2Fcomments&post=286"}],"version-history":[{"count":76,"href":"https:\/\/www.plib-ev.de\/index.php?rest_route=\/wp\/v2\/pages\/286\/revisions"}],"predecessor-version":[{"id":629,"href":"https:\/\/www.plib-ev.de\/index.php?rest_route=\/wp\/v2\/pages\/286\/revisions\/629"}],"up":[{"embeddable":true,"href":"https:\/\/www.plib-ev.de\/index.php?rest_route=\/wp\/v2\/pages\/29"}],"wp:attachment":[{"href":"https:\/\/www.plib-ev.de\/index.php?rest_route=%2Fwp%2Fv2%2Fmedia&parent=286"}],"curies":[{"name":"wp","href":"https:\/\/api.w.org\/{rel}","templated":true}]}}

<h2 class="wp-block-heading">Einführungskurs</h2>



<h3 class="wp-block-heading"><strong>vom 15. bis 23. August 2026 im Seebad Lubmin</strong></h3>



<h3 class="wp-block-heading">eine Deutsch-Französische Fortbildung in Zusammenarbeit mit REGC (Frankreich), gefördert durch das DFJW</h3>



<p></p>



<p><strong>ZIELGRUPPE</strong><br>Dieses Fortbildungsseminar richtet sich an Personen, die sich für konstruktive Konfliktbearbeitung interessieren und das Mediationsverfahren im transkulturellen Rahmen und im Austausch mit französischen Kolleg*innen praktisch erlernen möchten.</p>



<p><strong>ZIELE</strong><br>• Die Rollenübernahme einer dritten, neutralen Partei (Allparteilichkeit) zu erlernen<br>• Eine innere Haltung zu entwickeln, die es erlaubt, Konflikte auf konstruktive Weise auszutragen, so dass beide Konfliktparteien als Gewinner hervorgehen können<br>• Eigene Anteile in Konflikten zu erkennen<br>• Kommunikative Kompetenzen zur Deeskalation von Konflikten in interkulturellen Situationen zu<br>erwerben<br>• Sich für die interkulturelle Dimension von Konflikten zu sensibilisieren</p>



<p><strong>METHODEN</strong><br>• Lebendige Vermittlung der Theorie der Mediation, wie sie in Deutschland, Frankreich und anderen Ländern entwickelt worden ist<br>• Verständnis der Eskalationsmechanismen<br>• Vorbereitende Kommunikationsübungen<br>• Rollenspiele und Feedbacks<br>• Auswertung und Analyse beobachteter und erlebter Situationen</p>



<p><strong>FORTBILDUNGSRAHMEN</strong><br>Die Ausbildung beginnt am Samstag, den 15.8.2026 um 18 Uhr und endet am Samstag, den 23.8.2026 um 9 Uhr.<br>Der Ausbildungsort ist eine Jugendbegegnungs- und Bildungsstätte.<br>Der Kurs selbst ist eine interkulturelle Begegnung, da die Ausbildner*innen sowie die Teilnehmer*innen je zur Hälfte aus Deutschland und Frankreich kommen. Die Anzahl der Plätze ist auf 16 Personen begrenzt.<br>Dieses Seminar versteht sich als Einführung in die Mediation nach den Standards des Mediationsgesetzes und ist Teil der Zertifizierung Mediator REGC. Der Termin des Aufbaukurses wird noch bekannt gegeben.</p>



<p><strong>LEITUNGSTEAM</strong><br>Das Leitungsteam besteht aus in Deutschland und Frankreich<br>ausgebildeten Expert*innen der Mediation und Pädagogik:</p>



<ul>
<li>Catherine Dumas, Mediatorin</li>



<li>Maike Rolf, Mediatorin</li>



<li>Anne-Emmanuelle Fournier, Dolmetscherin, Übersetzerin</li>
</ul>



<p><strong>TEILNAHMEVORAUSSETZUNGEN</strong><br>• Bereitschaft zur aktiven Teilnahme an Rollenspielen<br>• Lust darauf, sich im deutsch-französischen Kontext fortzubilden<br>• Französischkenntnisse erwünscht, jedoch nicht Voraussetzung (es wird gedolmetscht) <br>• Vorkenntnisse über das Mediationsverfahren sind nicht erforderlich<br>• Volljährigkeit (keine Altersbegrenzung)<br></p>



<p><strong>TEILNAHMEGEBÜHREN</strong><br>Der Kurs wird vom Deutsch-Französischen Jugendwerk<br>(DFJW) finanziell unterstützt. Die Teilnahmegebühren betragen:<br>➢ 340- €, wenn Sie Student*in, in der Ausbildung oder arbeitslos sind;<br>➢ 470- €, wenn Sie berufstätig sind;<br>➢ 750-€ bei Kostenübernahme durch den Arbeitgeber:<br>Seminar anerkannt nach dem Berliner Bildungsurlaubsgesetz und „datadock“.<br>Die Unterkunft in Vollpension und die Programmkosten sind im Preis inbegriffen. Die Fahrtkosten werden nach den Richtlinien des DFJW erstattet.</p>



<p><strong>FRAGEN UND ANMELDUNGEN</strong><br>BDL e.V : https://www.landjugend.de/<br>Mail: s.cunin@landjugend.de<br>Sophie Cunin: +49 30 235 993 550 (Deutsch/Französisch) </p>



<p><a href="http://www.plib-ev.de/pdf/FR-M1.pdf">Anmeldebogen</a> französisch</p>



<p><a href="http://www.plib-ev.de/pdf/DE-M1.pdf">Anmeldebogen</a> deutsch</p>



<p><a href="http://www.plib-ev.de/pdf/Flyer_M1_DE.pdf">Flyer</a> &#8211; deutsch</p>



<p></p>



<p></p>



<p></p>



<p></p>



<p></p>



<p></p>



<p></p>



<p></p>



<p></p>

<p>Einführungskurs vom 15. bis 23. August 2026 im Seebad Lubmin eine Deutsch-Französische Fortbildung in Zusammenarbeit mit REGC (Frankreich), gefördert durch das DFJW ZIELGRUPPEDieses Fortbildungsseminar richtet sich an Personen, die sich für konstruktive Konfliktbearbeitung interessieren und das Mediationsverfahren im transkulturellen Rahmen und im Austausch mit französischen Kolleg*innen praktisch erlernen möchten. ZIELE• Die Rollenübernahme einer dritten, neutralen &hellip; <a href="https://www.plib-ev.de/?page_id=286" class="more-link"><span class="screen-reader-text">M1: Mediation &amp; Konstruktive Konfliktbearbeitung</span> weiterlesen <span class="meta-nav">&rarr;</span></a></p>
