{"id":11,"date":"2014-10-17T17:17:24","date_gmt":"2014-10-17T15:17:24","guid":{"rendered":"http:\/\/www.friedrichs-ffm.de\/WordPress_plib\/?page_id=11"},"modified":"2020-11-10T17:59:59","modified_gmt":"2020-11-10T15:59:59","slug":"ueber-p-l-i-p","status":"publish","type":"page","link":"https:\/\/www.plib-ev.de\/?page_id=11","title":{"rendered":"\u00fcber P.L.I.B. e.V."},"content":{"rendered":"<address><em>Praktisches Lernen und Interkulturelle Begegnungen (P.L.I.B.) e.V. wurde von P\u00e4dagogen gegr\u00fcndet, die sich den dem p\u00e4dagogischen Ansatz der Reformp\u00e4dagogik nahe f\u00fchlten und nach langen Erfahrungen bi- und trinationaler Seminare der Jugend- und Erwachsenen-Bildung, den Wunsch hatten, ein Forum des gemeinsamen Lernens, der Ausbildung in Mediation und konstruktiver Konfliktbearbeitung und experimenteller Formen der Aus- und Fortbildung zu schaffen. Dabei sollte das praktische Ausprobieren und die theoretische Reflexion in einem st\u00e4ndigen Prozess der wechselseitigen Befruchtung ein Erfahrungslernen bef\u00f6rdern, das die selbst\u00e4ndige Aneignung von Wissen gegen\u00fcber einer theoretischen Lehre die Priorit\u00e4t gibt. F\u00f6rderung der interkulturellen Verst\u00e4ndigung und Solidarit\u00e4t sind ein weiteres Hauptziel von P.L.I.B. e.V.<\/em><\/address>\n<address><a href=\"http:\/\/plib-ev.de\/wp-content\/uploads\/2020\/11\/Satzung-Plib-e.V..pdf\">Satzung Plib e.V.<\/a><\/address>\n<address><a href=\"http:\/\/www.plib-ev.de\/wp-content\/uploads\/2020\/11\/Aufnahmeantrag-PLIB-e.V..pdf\">Aufnahmeantrag PLIB e.V.<\/a><\/address>\n<address>Wenn <strong>Sie\u00a0<\/strong>sich unseren p\u00e4dagogischen \u00dcberzeugungen verbunden f\u00fchlen und Mitglied \/ Unterst\u00fctzerIn werden wollen oder eine spannende Seminaridee haben , nehmen sie gerne <a title=\"Kontakt\" href=\"http:\/\/www.plib-ev.de\/?page_id=32\">Kontakt<\/a> mit uns auf.\u00a0<\/address>\n<address>\u00a0<\/address>\n","protected":false},"excerpt":{"rendered":"<p>Praktisches Lernen und Interkulturelle Begegnungen (P.L.I.B.) e.V. wurde von P\u00e4dagogen gegr\u00fcndet, die sich den dem p\u00e4dagogischen Ansatz der Reformp\u00e4dagogik nahe f\u00fchlten und nach langen Erfahrungen bi- und trinationaler Seminare der Jugend- und Erwachsenen-Bildung, den Wunsch hatten, ein Forum des gemeinsamen Lernens, der Ausbildung in Mediation und konstruktiver Konfliktbearbeitung und experimenteller Formen der Aus- und Fortbildung &hellip; <a href=\"https:\/\/www.plib-ev.de\/?page_id=11\" class=\"more-link\"><span class=\"screen-reader-text\">\u00fcber P.L.I.B. e.V.<\/span> weiterlesen <span class=\"meta-nav\">&rarr;<\/span><\/a><\/p>\n","protected":false},"author":1,"featured_media":0,"parent":0,"menu_order":0,"comment_status":"closed","ping_status":"closed","template":"","meta":{"footnotes":""},"_links":{"self":[{"href":"https:\/\/www.plib-ev.de\/index.php?rest_route=\/wp\/v2\/pages\/11"}],"collection":[{"href":"https:\/\/www.plib-ev.de\/index.php?rest_route=\/wp\/v2\/pages"}],"about":[{"href":"https:\/\/www.plib-ev.de\/index.php?rest_route=\/wp\/v2\/types\/page"}],"author":[{"embeddable":true,"href":"https:\/\/www.plib-ev.de\/index.php?rest_route=\/wp\/v2\/users\/1"}],"replies":[{"embeddable":true,"href":"https:\/\/www.plib-ev.de\/index.php?rest_route=%2Fwp%2Fv2%2Fcomments&post=11"}],"version-history":[{"count":14,"href":"https:\/\/www.plib-ev.de\/index.php?rest_route=\/wp\/v2\/pages\/11\/revisions"}],"predecessor-version":[{"id":439,"href":"https:\/\/www.plib-ev.de\/index.php?rest_route=\/wp\/v2\/pages\/11\/revisions\/439"}],"wp:attachment":[{"href":"https:\/\/www.plib-ev.de\/index.php?rest_route=%2Fwp%2Fv2%2Fmedia&parent=11"}],"curies":[{"name":"wp","href":"https:\/\/api.w.org\/{rel}","templated":true}]}}